{"id":122,"date":"2022-06-18T03:04:31","date_gmt":"2022-06-18T03:04:31","guid":{"rendered":"https:\/\/xn--jegkrertur-3cb.dk\/?page_id=122"},"modified":"2022-06-18T03:04:31","modified_gmt":"2022-06-18T03:04:31","slug":"faldsled-havn","status":"publish","type":"page","link":"https:\/\/xn--jegkrertur-3cb.dk\/index.php\/faldsled-havn\/","title":{"rendered":"Faldsled havn"},"content":{"rendered":"\n<p>Endnu sommerdag og det er jo lig med en tur ud i gode vejr dette er et sted som jeg bes\u00f8ger ofte da havnen har s\u00e5dan en stilhed over sig samt ogs\u00e5 et sted hvor der tit kommer  andre sp\u00e6ndende biler forbi for at spise eller k\u00f8be en is <a href=\"https:\/\/www.facebook.com\/vandkantenfalsled\/\">her<\/a>.<\/p>\n\n\n\n<p>Vi du ser mere om havnen s\u00e5 er det <a href=\"https:\/\/www.havneguide.dk\/havn\/faldsled-havn\">her<\/a> du skal kigge der er ogs\u00e5 mulighed for at g\u00e5 en tur i omr\u00e5det da \u00d8havsstien har start i Faldsled interesseret i dette s\u00e5 er det er <a href=\"https:\/\/www.visitfaaborg.dk\/faaborg\/planlaeg-din-tur\/oehavsstien-gdk993753\">her<\/a> <\/p>\n\n\n\n<figure class=\"wp-block-image size-large\"><img loading=\"lazy\" decoding=\"async\" width=\"1024\" height=\"768\" src=\"https:\/\/xn--jegkrertur-3cb.dk\/wp-content\/uploads\/2022\/06\/Faldsled-havn-1024x768.jpg\" alt=\"\" class=\"wp-image-124\" srcset=\"https:\/\/xn--jegkrertur-3cb.dk\/wp-content\/uploads\/2022\/06\/Faldsled-havn-1024x768.jpg 1024w, https:\/\/xn--jegkrertur-3cb.dk\/wp-content\/uploads\/2022\/06\/Faldsled-havn-300x225.jpg 300w, https:\/\/xn--jegkrertur-3cb.dk\/wp-content\/uploads\/2022\/06\/Faldsled-havn-768x576.jpg 768w, https:\/\/xn--jegkrertur-3cb.dk\/wp-content\/uploads\/2022\/06\/Faldsled-havn-1536x1152.jpg 1536w, https:\/\/xn--jegkrertur-3cb.dk\/wp-content\/uploads\/2022\/06\/Faldsled-havn-2048x1536.jpg 2048w\" sizes=\"auto, (max-width: 767px) 89vw, (max-width: 1000px) 54vw, (max-width: 1071px) 543px, 580px\" \/><\/figure>\n","protected":false},"excerpt":{"rendered":"<p>Endnu sommerdag og det er jo lig med en tur ud i gode vejr dette er et sted som jeg bes\u00f8ger ofte da havnen har s\u00e5dan en stilhed over sig samt ogs\u00e5 et sted hvor der tit kommer andre sp\u00e6ndende biler forbi for at spise eller k\u00f8be en is her. Vi du ser mere om &hellip; <\/p>\n<p class=\"link-more\"><a href=\"https:\/\/xn--jegkrertur-3cb.dk\/index.php\/faldsled-havn\/\" class=\"more-link\">L\u00e6s videre<span class=\"screen-reader-text\"> &#8220;Faldsled havn&#8221;<\/span><\/a><\/p>\n","protected":false},"author":3,"featured_media":0,"parent":0,"menu_order":0,"comment_status":"closed","ping_status":"closed","template":"","meta":{"footnotes":""},"class_list":["post-122","page","type-page","status-publish","hentry"],"_links":{"self":[{"href":"https:\/\/xn--jegkrertur-3cb.dk\/index.php\/wp-json\/wp\/v2\/pages\/122","targetHints":{"allow":["GET"]}}],"collection":[{"href":"https:\/\/xn--jegkrertur-3cb.dk\/index.php\/wp-json\/wp\/v2\/pages"}],"about":[{"href":"https:\/\/xn--jegkrertur-3cb.dk\/index.php\/wp-json\/wp\/v2\/types\/page"}],"author":[{"embeddable":true,"href":"https:\/\/xn--jegkrertur-3cb.dk\/index.php\/wp-json\/wp\/v2\/users\/3"}],"replies":[{"embeddable":true,"href":"https:\/\/xn--jegkrertur-3cb.dk\/index.php\/wp-json\/wp\/v2\/comments?post=122"}],"version-history":[{"count":1,"href":"https:\/\/xn--jegkrertur-3cb.dk\/index.php\/wp-json\/wp\/v2\/pages\/122\/revisions"}],"predecessor-version":[{"id":125,"href":"https:\/\/xn--jegkrertur-3cb.dk\/index.php\/wp-json\/wp\/v2\/pages\/122\/revisions\/125"}],"wp:attachment":[{"href":"https:\/\/xn--jegkrertur-3cb.dk\/index.php\/wp-json\/wp\/v2\/media?parent=122"}],"curies":[{"name":"wp","href":"https:\/\/api.w.org\/{rel}","templated":true}]}}